 when s(m) is divided by o(2)?
9
Suppose 0 = 6*p + 1 - 37. Suppose -p*o - 247 = -19*o. Suppose 5*s - 285 = -35. What is the remainder when s is divided by o?
12
Suppose -5*r - 1 = m - 21, 0 = m + 5. Suppose 2 = 2*p, 5*t - 456 = -r*p + 229. Let n(y) = y + 35. Calculate the remainder when t is divided by n(0).
31
Suppose 5*y = -2*f + 264 - 88, -4*f = -4*y - 380. What is the remainder when 350 is divided by f?
71
Suppose 4*n - 5*i - 14 = 0, -n + 5*i + 3 + 8 = 0. Suppose 43*z - 194 - 752 = 0. Calculate the remainder when 43*(n - (-2 + 2)) is divided by z.
21
Suppose 29*p + 17000 = 4*p. Let a = 989 + p. Calculate the remainder when a is divided by 12.
9
Let m(l) be the second derivative of -27*l**5/20 + l**4/12 - l**3/3 - l**2 + 5*l - 9. Calculate the remainder when 97 is divided by m(-1).
13
Suppose 1486 = 5*a - 2*j, 5*j = 2*a + 642 - 1228. What is the remainder when a is divided by 24?
10
Suppose 3*p + 158 = -2*p + 753. Suppose 4*t - j = 65, 2*j - 12 = -5*t + 53. Calculate the remainder when p is divided by t.
14
Let m = 389 + -391. Calculate the remainder when (74 + 8)/(m/(-3)) is divided by 31.
30
Let n(t) = t**3 + 16*t**2 + 73*t + 687. Suppose 2*d + q + 5 + 3 = 0, d + 4 = 5*q. Calculate the remainder when n(-14) is divided by (-38)/(2 + d) + -2.
6
Suppose -25*n = 222 - 3297. Calculate the remainder when n is divided by 23.
8
Suppose -3*w - 35 = 3*y - 8*w, 4*y = -2*w - 12. Let x = y - -8. Suppose -x*j + 5*i - 2*i + 384 = 0, -i - 5 = 0. Calculate the remainder when j is divided by 9.
6
Let x(f) = -f**3 - 3*f**2 + 4*f. Suppose -2*v + 294 = 29157*s - 29159*s, -5*s = 2*v - 294. What is the remainder when v is divided by x(-5)?
27
Let j = -371988 - -372946. Let t = 332 + -236. What is the remainder when j is divided by t?
94
Let f(n) = 383*n + 774. Calculate the remainder when 55 is divided by f(-2).
7
Let x(d) = d**3 - 22*d**2 + 28*d + 1. Let y be x(21). Suppose -5*i = 97 + y. Calculate the remainder when 128 is divided by (-1267)/i - 1/(-7).
24
Suppose 0 = 4*w - 4*r - 32, -2*w + r = -0*r - 21. Let x = -43130 - -43215. Calculate the remainder when x is divided by w.
7
Let s = 2381 - 2281. Let i(k) = -16*k + 7. Let v(y) = -8*y + 3. Let p(b) = -2*i(b) + 5*v(b). Calculate the remainder when s is divided by p(-2).
15
Calculate the remainder when 7884/32 + (-111)/296 is divided by 127.
119
Suppose -6*s = -9*s + 309. Suppose -4*m = -3*k + 41 - 16, -5 = 5*k. What is the remainder when s is divided by 2/(m/((-630)/12))?
13
Suppose -104*s - 11884 = -37052. Calculate the remainder when s is divided by 107.
28
Let i(v) = -12*v - 311. Calculate the remainder when i(-44) is divided by 33.
19
Let f = 7994 + -7562. Calculate the remainder when f is divided by 85.
7
Let c = 9889 - 7707. Calculate the remainder when c is divided by 28.
26
Suppose -4804 = -13*l + 110. Let a = -376 + l. Calculate the remainder when 7 is divided by a.
1
Suppose 35 = 3*k + 4*b, 2*k - 24*b - 27 = -23*b. Let i(s) = -s**2 - 17*s - 3. Let z be i(-14). Calculate the remainder when k is divided by 6/(-39) - (-318)/z.
5
Let i(v) = v**3 - 14*v**2 - 13*v - 28. Let m be i(15). Suppose -m*a - 51 = -5*a. Calculate the remainder when 66 is divided by a.
15
What is the remainder when 895 is divided by (-18921)/(-126) - (-1)/(-6)?
145
Let t be (5/10)/((-4)/(-2056)). Let s = 396 - t. Let l = -124 + s. What is the remainder when 59 is divided by l?
14
Suppose 26 = 11*s - 9*s. Suppose 32*v = 37*v - 30, -4*n + 3*v = -262. Calculate the remainder when n is divided by s.
5
What is the remainder when ((-37427)/(-52) + 4)*4 is divided by 42?
39
Let r be 6/(-4)*(33548/(-3) - 2). Calculate the remainder when -3 + (r/76 - 1/(-4)) is divided by 74.
70
Let g = -13789 + 13868. What is the remainder when 1643 is divided by g?
63
Let y = 19 + -14. Suppose 0 = -y*x + 67 + 43. What is the remainder when 87 is divided by x?
21
What is the remainder when 60/(-510) + (87262/153 - 6/27) is divided by 44?
42
Let h be 2*15*387/(-18). Let t = h - -749. Calculate the remainder when t is divided by 12.
8
Let d = -1839 + 2112. Calculate the remainder when d is divided by 71.
60
Let a(u) = -154*u**2 + 1. Let j be a(-2). Let l = j - -619. Calculate the remainder when 14 is divided by l.
2
Let o = -255 - -92. What is the remainder when (o/(-3))/(15/45) is divided by 42?
37
Let k(r) = r**3 - 7*r**2 + 10*r - 8. What is the remainder when k(9) is divided by ((-21)/(-1260)*-12)/(2/(-620))?
58
Let o = 36 + -3. Let k = o + -57. What is the remainder when 94 is divided by 3/(-18) + (-580)/k?
22
Calculate the remainder when (126/45)/(2/(-6) + (-119504)/(-357720)) is divided by 947.
6
Let l = 2455 - -2350. What is the remainder when l is divided by 130?
125
Suppose -84*d = 76*d - 250400. Calculate the remainder when 4707 is divided by d.
12
Let q(u) = 30*u**3 + 2*u**2 - 2*u + 1. Calculate the remainder when q(1) is divided by -8 + (-29)/(551/(-285)).
3
Calculate the remainder when 824 is divided by ((-476)/153)/((-4)/18).
12
Suppose p - 3*x + 26 = 344, p - 2*x = 317. What is the remainder when p is divided by 150?
15
Let d be (32/(-36))/((-1)/(-3))*3. Let z be (-76)/d*8/(-1). Let q = z + 152. Calculate the remainder when q is divided by 16.
12
Let m = -95 - -166. Let c(h) = 69*h**3 + 7*h**2 + 25*h - 63. What is the remainder when c(2) is divided by m?
70
Suppose 28*a + 326 = 29*a. Let x = -109 + a. Calculate the remainder when x is divided by 25.
17
Let x(m) = m**2 - 6*m - 5. Let v be x(7). Suppose -t + 2*s - 1247 = -4*t, -v*s = 5*t - 2081. Let r = t - 238. Calculate the remainder when r is divided by 18.
17
Suppose 3*g - 120 = 18. Let h = 108 + g. What is the remainder when h is divided by ((-208)/(-24))/(1/3)?
24
Let h = 75 + -72. Suppose -h*k + 39 = a, 3*k - 4*a + 33 - 72 = 0. What is the remainder when 51 is divided by k?
12
Let b(m) = m - 6. Suppose -3*f + 10 + 14 = 0. Let r be b(f). Calculate the remainder when 33 is divided by (-5 + -4 + r)*(-320)/112.
13
Suppose 3*u + g = 82, -u - 53*g = -52*g - 30. Calculate the remainder when 120 is divided by u.
16
Let g = 34 - 19. Let l(p) = -p + 22. Suppose 2*y - 38 = 3*t - 0*y, 4*t + 4*y + 84 = 0. What is the remainder when l(t) is divided by g?
8
Let o(i) = 3*i**3 - i**2 - i + 3. Let b be o(2). Suppose -93 + b = 12*u. Calculate the remainder when (-400)/(-12) - (-2)/u is divided by 3.
0
Suppose -170*d - 48*d = -1182868. What is the remainder when d is divided by 89?
86
Let k = -662 - -1058. Let s = 411 - k. What is the remainder when 27 is divided by s?
12
Let d(r) = -r**3 - r**2 + 10*r - 8. Let z be d(2). Let f = -97 - -186. Calculate the remainder when f is divided by -2 - z*1/(-4) - -20.
17
Suppose 8*m = 37*m - 8323. What is the remainder when m is divided by 269?
18
Let h(p) = 590*p**2 + 1. Suppose -d = 162*d + 21*d - 15640. What is the remainder when h(1) is divided by d?
81
Suppose 0 = 10*y - 34*y - 496 + 1792. Calculate the remainder when 174 is divided by y.
12
Suppose 14*z - 87 = 277. What is the remainder when z is divided by (12/15)/(14/(-35)) - -19?
9
Suppose -730 - 163 = -182*o + 17. What is the remainder when 731 is divided by o?
1
Suppose 11*x - 7*x = 468. Let u be 1778/10 - (5/(-25) - 0). Let o = -154 + u. Calculate the remainder when x is divided by o.
21
Suppose 0 = 4*i + 4*f - 348, -5*i + 38*f + 470 = 36*f. Calculate the remainder when 459 is divided by i.
91
Let f = 41 + -23. Let p = -2003 - -2060. What is the remainder when p is divided by f?
3
Suppose -277 = -6*a + 5*b + 342, -3*a + 306 = -3*b. What is the remainder when 1251 is divided by a?
52
Let t be 638/66 + 5/(-3). Calculate the remainder when 101 is divided by 2/(-4) + -4*(-13)/t.
5
What is the remainder when 337 is divided by 1 + -7 + -3 + (58 - -2)?
31
Let o(m) = 19*m - 81. Suppose -j - 6 = -12. Calculate the remainder when 93 is divided by o(j).
27
Suppose -4*l - 5*t + 583 = -8*t, 5*t + 309 = 2*l. Suppose 2*s = 24*g - 29*g + l, 3*g = -2*s + 150. What is the remainder when s is divided by 39?
3
Suppose -5*m + 3*q - 258 = -m, -q = -m - 64. Calculate the remainder when (78/(-26))/(68/m - -1) is divided by 52.
47
Suppose 5*m + 4145 = -3358*i + 3363*i, 2*i = 4*m + 1662. What is the remainder when i is divided by 410?
7
Let u(l) = 12*l - 43. Let y(w) = -74*w + 259. Let s(k) = 39*u(k) + 6*y(k). Calculate the rem